*2 + 9*j + 5. What are the prime factors of h(d)?
3, 5
Let l(r) = -r**2 + 3. Let f be l(0). Suppose -f*s = s - w - 8, s + 9 = 3*w. What are the prime factors of s?
3
Suppose -s + 4 = -0*s, 2*s = -5*z + 23. Let p(l) = -l**z + 6*l**3 - 3*l**2 - 3*l**3 - 2*l - 2. List the prime factors of p(3).
19
List the prime factors of -6*(3 - (-44)/(-12)).
2
Suppose g - 8*g + 665 = 0. List the prime factors of g.
5, 19
Let g be (-12)/8*(-4)/(-3). Let j = g + 11. What are the prime factors of j?
3
Let c = 133 - 54. List the prime factors of c.
79
Suppose 0 = l - d - 3, -l + 15 - 3 = -4*d. Suppose z - 6 - 29 = l. What are the prime factors of z?
5, 7
Let l be (-1)/3 - 221/39. Let t = l - -31. List the prime factors of t.
5
Let j(r) = -6*r**3 - r**2 + 2*r - 1. Let g be j(1). Let q = -5 - g. What are the prime factors of (-1 + 4)*q - -8?
11
Let t = 57 - 26. What are the prime factors of t?
31
Let t(p) = -p**2 + 6*p - 2. Let v be t(4). Let g(m) = m**3 - 6*m**2 + 4*m + 5. What are the prime factors of g(v)?
29
Let s be 1*34 - (-5 - -6). Let q = s - 6. What are the prime factors of q?
3
Let j(i) be the second derivative of -i**3/2 + i**2/2 - 8*i. What are the prime factors of j(-9)?
2, 7
Suppose 0 = 3*i + 9 - 228. Let c = -52 + i. List the prime factors of c.
3, 7
Suppose 28 = 2*k - c + 3*c, -c - 46 = -5*k. Let o = 10 - -5. What are the prime factors of k/o - (-7)/3?
3
Suppose v = -4*z, -3*v - 2*z = -2*v + 2. Let b be 1/v - 10/(-8). Let c(r) = 4*r**3 + r**2 - r + 1. List the prime factors of c(b).
5
What are the prime factors of (-425)/(-35) - (-4)/(-28)?
2, 3
Let i be (1/3)/((-1)/(-6)). Suppose 2*h - g = g + 26, 4*h = i*g + 48. What are the prime factors of h?
11
Suppose 0 = 4*n - 5*z + 92, 2*n = -z - 54 - 6. What are the prime factors of n/49 - 288/(-14)?
2, 5
Let k = -175 - -249. List the prime factors of k.
2, 37
Suppose 0 = 4*a - 19 - 5. Let z = a - -11. What are the prime factors of z?
17
Let d be 46/(-3) + (-4)/(-12). List the prime factors of d/(-10) - (-11)/2.
7
Suppose -5*g + 82 = -3*i, 0 = -8*g + 4*g - 4*i + 40. What are the prime factors of g?
2, 7
Let z = 70 + -47. List the prime factors of z.
23
Suppose 2*x = -a, 4*a + x = 6*x. Suppose a = 5*r - 4*y - 48, -5*r - y = -0*y - 38. What are the prime factors of r?
2
Suppose 0 = -2*c - 2*c + 52. List the prime factors of c.
13
Suppose 3*x - 10 = 65. Suppose 2*l = 4*j + 2, 3*j - 73 + x = -4*l. List the prime factors of l.
3
Suppose 15 = 3*d, -2*d - d + 1415 = 5*g. List the prime factors of g.
2, 5, 7
List the prime factors of (4 + -10)/(-3) - -174.
2, 11
Let u be 3*3*(-3)/(-9). Suppose r - u = -0*r. Suppose r*p = -p + 48. List the prime factors of p.
2, 3
Suppose -3*n + 4*d - d = -168, 2*d + 170 = 3*n. List the prime factors of n.
2, 29
Let g(v) be the first derivative of -v**4/4 - 2*v**3/3 - v**2 + v + 2. List the prime factors of g(-3).
2
Suppose 2*a = 2*t - 2, 5*t = -a + 2 - 21. What are the prime factors of ((-2)/a)/((-4)/(-48))?
2, 3
Let h = 12 - 10. What are the prime factors of ((-21)/h)/(4/(-8))?
3, 7
Let c be 3/9*11*3. Let y = -7 + c. List the prime factors of y.
2
Let r = 3 - -6. Let w = 7 - r. What are the prime factors of -2 - (-15 + (-2 - w))?
13
Suppose -t + 2*t = -1. Let a = 10 + t. List the prime factors of a.
3
Let w(i) = i**2 - 18*i - 38. What are the prime factors of w(-10)?
2, 11
Let f(t) = -t**3 + 6*t**2 + 8*t - 6. Let w be f(7). Let v(z) = 21*z + 1. List the prime factors of v(w).
2, 11
Let j = -13 + 19. What are the prime factors of (-32)/j*18/(-8)?
2, 3
Let r be (-2)/8*-2*-12. List the prime factors of 84/(-8)*4/r.
7
Let f be -2 + 1 + 0 + 24. Let j(a) = a**3 + 5*a**2 - 5*a + 7. Let o be j(-6). Suppose 0 = -4*v - 16, 2*r = 3*v + o + f. List the prime factors of r.
2, 3
Let h = 478 - 284. What are the prime factors of h?
2, 97
Let c be -15*(-3 + (1 - 1)). Suppose c = 5*i - 100. Suppose -4*l + i = -19. List the prime factors of l.
2, 3
Let q(w) = 3*w - 6. Let i be q(4). What are the prime factors of (20/i)/((-4)/(-24))?
2, 5
Let s = 126 - 62. What are the prime factors of s?
2
Let p be (4/(-3))/(6/99). Let s = -8 - p. What are the prime factors of s?
2, 7
Let y(q) = -q**2 - 12*q - 11. Let u be y(-11). Suppose n = -u*n. Suppose n = 5*z - 4*z - 11. What are the prime factors of z?
11
Let l(x) = -x**2 - 5*x - 4. Let h be l(-3). Let w(k) = k**2 - k + 2. Let r be w(h). Suppose -r*s = -g - 15, -3*s = s + 2*g - 30. List the prime factors of s.
5
Let b = 4 - 4. Suppose b = -5*j + 19 + 36. What are the prime factors of 2/((-1)/(j/(-2)))?
11
Let x = 420 + -258. What are the prime factors of x?
2, 3
Suppose -2 = -2*x + 7*x - 2*i, 0 = 2*i - 2. Let t(b) = b**2 + b + 25. What are the prime factors of t(x)?
5
Let z(u) be the first derivative of u**3/3 + 5*u**2/2 - 12*u + 3. What are the prime factors of z(-11)?
2, 3
List the prime factors of 2/4 + (-73)/(-2).
37
Let p(m) = m**2 + 8*m + 4. Let z be p(-7). Let y(k) = -k**2 - 10. Let w be y(0). Let c = z - w. List the prime factors of c.
7
Let s = 11 - 7. Let o be ((-32)/(-24))/(s/150). Suppose -3*h + o + 16 = 0. List the prime factors of h.
2, 11
Let c = -2 + -1. Let a = c + 21. List the prime factors of 1*(-2)/(-3)*a.
2, 3
Let w be (-1)/((-11)/(-5) + -2). Let b be (w/(-15))/(2/(-102)). Let q = b - -36. What are the prime factors of q?
19
Suppose t - 7 - 3 = 0. Let j = 24 + t. List the prime factors of j.
2, 17
Suppose 5*g + 15 = 40. Suppose x - g = 0, 0 = -2*d + x - 5*x + 14. What are the prime factors of (-2 - (-8)/(-6))*d?
2, 5
Let h = -6 + 6. Suppose b - 72 = -4*b - f, -3*f + 6 = h. List the prime factors of b.
2, 7
Let a(v) = v - 8. Let w(z) = 8. Let o(c) = -4*a(c) - 3*w(c). What are the prime factors of o(-5)?
2, 7
Let n(r) = r**3 + 16*r**2 - 20*r + 20. List the prime factors of n(-17).
71
Let c be 2/(2 - 4/3). Let f = 47 + -33. Suppose -4*o = -8*o - 20, c*h + 2*o - f = 0. List the prime factors of h.
2
Let y(r) = r**2 - 9*r + 11. Let p be (-20)/(-14)*(5 - -2). What are the prime factors of y(p)?
3, 7
Let z(j) be the third derivative of -11/24*j**4 - 3*j**2 + 1/3*j**3 - 1/60*j**5 + 0 + 0*j. List the prime factors of z(-10).
2, 3
Suppose -a + 4*a = 24. List the prime factors of a.
2
Let t(u) = -u**3 + 4*u**2 - u - 3. Let s = 0 - -10. Suppose 0 = -5*o + 5 + s. What are the prime factors of t(o)?
3
Suppose 5*m + 26 = -2*l - 2*l, -5*l + 2*m - 49 = 0. Let y = 9 + l. What are the prime factors of 1 + y/(-3) + 7?
2
Let w be (-80)/14 - 12/42. Let t = 0 - w. Let r(a) = 2*a - 9. List the prime factors of r(t).
3
Suppose -3 = -0*w + w. Let k = w + 5. What are the prime factors of ((-2)/5)/(k/(-10))?
2
Suppose 2*u - 1 = u. Let b be 0/2 - -4*u. Suppose 3*i = -1 + 4, 0 = b*g - 5*i - 35. What are the prime factors of g?
2, 5
Let u = -22 + 42. Suppose -22 = -k + u. List the prime factors of k.
2, 3, 7
Let p(o) = -o**3 - 10*o**2 + o + 12. Suppose 44 = -5*a - 6. Let x be p(a). Suppose -x*b = b - 51. List the prime factors of b.
17
Suppose 0 = 2*v - u - 7, v + 2*u - 8 = -2*u. Suppose 5*d - 19 = -v. Suppose d*z - 3 = 18. What are the prime factors of z?
7
Let n(k) = -14*k - 8*k - 2*k**2 + 6*k - 9. What are the prime factors of n(-6)?
3, 5
Suppose -5*l + 5 = 10. Suppose 1 = -3*b + f + 2, 0 = b + f + 5. List the prime factors of 0 + (l - b) - -4.
2
Let v(q) = -2 - q**3 + 5 + 4 - 5*q**2 + q. Suppose -25 = -s + 6*s. What are the prime factors of v(s)?
2
What are the prime factors of 4/(-14) - (-135)/7?
19
Let q(w) = w + 7. Let n(g) be the first derivative of -g**4/4 - 5*g**3/3 + g**2/2 + 3. Let j be n(-5). List the prime factors of q(j).
2
Let u = -15 + 52. What are the prime factors of u?
37
Let p(r) = 23*r - 36. List the prime factors of p(8).
2, 37
Let w be 2/14 + (-152)/(-14). Suppose -5*s + w = -14. Suppose s*y + 0 = -3*m + 1, 4*m + 2*y = 6. List the prime factors of m.
2
Suppose -4*y + 70 = -9*y. Let k = y - -20. What are the prime factors of k?
2, 3
Suppose -1 = -x + 2. Suppose 2*f - x*f - 2*m = -24, 68 = 3*f + 5*m. Suppose -k - 5 + f = 0. What are the prime factors of k?
11
Let h = 300 + -195. List the prime factors of h.
3, 5, 7
Suppose -4*l - 22 = 122. Let j = -20 - l. List the prime factors of j.
2
Let f = 8 - 6. Suppose 18 = f*s - 8. What are the prime factors of s?
13
Suppose 0 = -n + 4*n - 81. What are the prime factors of n?
3
Suppose z + 5*r - 9 = 0, 